t k be 2/(-5) - 8/5. What is the units digit of (-1 + -3)*1/k?
2
Suppose 4 = -2*q + q. Let m = -4 - q. Suppose 5*j + b + m*b = 72, -24 = -2*j - 2*b. What is the tens digit of j?
1
Let l(w) = -3*w**2 + w + 1. Let p be l(-1). What is the units digit of 4/3*p/(-2)?
2
Suppose 0 = -4*h + 12 - 0. Suppose 0 = -3*j + 2*j - w + 25, j - 2*w - 16 = 0. Suppose -h*l + l = -j. What is the tens digit of l?
1
Let j be (-1 - -3)*(-3 - 5). Let a be -7 - (0 + -1 + 2). Let g = a - j. What is the units digit of g?
8
Let b be 1 - (-2 - 0/(-2)). Let u(j) = j**3 - 4*j**2 + 4*j - 1. Let n be u(b). Suppose -3*i = 4*f + n, -i = 5*f - 5*i - 13. What is the units digit of f?
1
Let b(c) = c**3 - 6*c**2 + 4. Let o be b(6). Suppose -43 = -3*f + k, -f - o*k = -27 + 4. What is the tens digit of f?
1
Suppose -2*f = 4*u - 162, 3*u - 4*f = 73 + 21. Let y = u + -18. What is the units digit of y?
0
Suppose 597 = 7*p - 2518. What is the hundreds digit of p?
4
Suppose z - 2 = 0, -3*z - 9 = -6*r + r. What is the units digit of 27/6*4/r?
6
Let a(x) = -x - 3. Let g be a(-6). Suppose -2*h = h + 4*j - 128, -2*j = -10. Suppose 20 = 3*y + q, -2*q = -2*y + g*q + h. What is the units digit of y?
8
Let c be ((-9)/4)/(4/16). Let y = c - -21. What is the tens digit of y?
1
Suppose -3 + 1 = -g. Suppose g*i = f - 2, -2*f = 2*f - 2*i - 26. Suppose 0 = 3*n - z - 12, -n - n = 4*z - f. What is the units digit of n?
4
Suppose 0 = y, 4*t - 2*t + 5*y = 4. Suppose -3*m + 3*o = -43 - t, m = -4*o + 10. What is the tens digit of m?
1
Let f(v) = -v**2 + v + 2. Let d be f(2). What is the units digit of (-10)/(6/(d - 3))?
5
Suppose -2*w + 5*s + 34 = 0, -5*w + 35 = s - 23. What is the units digit of (3/(-2))/(w/(-56))?
7
Suppose d - 4 = 0, -4*d = -5*k - 6*d + 98. Let q = -10 + k. What is the units digit of q?
8
Let x(v) = -v**2 + 4*v - 3. Let t(p) = 4*p**2 - 17*p + 12. Suppose -2*b - 4 = -0*b. Let o(n) = b*t(n) - 9*x(n). What is the units digit of o(3)?
6
Suppose g + 154 = -2*n + 3*n, 3*n = 5*g + 470. Let v be n/6 - (0 + 1). Suppose -v = -5*m + 11. What is the units digit of m?
7
Let n(k) = 13*k - 7. What is the tens digit of n(4)?
4
Let g = 140 + -87. What is the units digit of g?
3
Let x(l) = -l - 13. Let p be x(-13). Let n = p - -10. Let m(b) = 2*b - 7. What is the tens digit of m(n)?
1
Let l(z) = 2*z - 8. Let h(b) = 8*b + 1. Let x be h(1). Let v be x/2 + 6/4. What is the units digit of l(v)?
4
Let b(l) = l - 5. Let j be 16/6*(-27)/(-12). What is the units digit of b(j)?
1
Suppose -2*q + 5*q - 54 = 0. Suppose 12 = 3*l, -4*l = h - 9*l + q. Suppose 9 = h*j + 1. What is the units digit of j?
4
Suppose -2*s - 6 = -3*s. Let c(n) = -n**2 - 3*n + 7. Let o be c(s). What is the tens digit of o/(-3) - (-2)/6?
1
Let j = 10 - 6. Suppose -12 = -j*f - 0. What is the units digit of f/6 - 6/(-4)?
2
Let n = -18 + 66. What is the units digit of n?
8
Suppose -5*t - 16 = -9*t. What is the units digit of t/6 - 26/(-6)?
5
Suppose -5*z + 49 = 4*d - 44, 0 = -z + 5. Let i = d - 5. What is the tens digit of i?
1
Let g = -17 - -10. What is the tens digit of (g - -3)/(2/(-10))?
2
Let l(p) = -20*p**3 - p**2. What is the tens digit of l(-1)?
1
Let q = 61 - 38. Let l = q - -20. What is the tens digit of l?
4
Let b = 90 - 83. What is the units digit of b?
7
Let n = -14 - -4. Let w be 10*(-5)/(10/4). Let a = n - w. What is the units digit of a?
0
Let w = -6 - -8. Suppose -4*g = -w*o - g + 38, -5*o = -4*g - 88. What is the tens digit of o?
1
Let g(q) = -q**2 - 6*q + 4. Let o = -5 - 1. Let p be g(o). Suppose -6 = 3*b - p*b. What is the units digit of b?
6
Suppose -3*k = -3*b - 15, -5*k = 2*b - 0*b - 39. Suppose -4*t = w - 31 + 3, -2*t = 2*w - 8. Let u = t + k. What is the units digit of u?
5
Let l = 4 - 2. Suppose 2*a + 66 = 5*s, 0 = -s + 2*s + l*a - 6. Suppose 5*k = k + s. What is the units digit of k?
3
Let u(p) = 2*p - 13. Let j be u(12). Suppose 5*n = -4*l + 122 - j, 0 = n + 1. What is the tens digit of l?
2
Suppose y + 3*f = 19, -4*y + 20 + 14 = -2*f. Let l(b) = b + 5. What is the units digit of l(y)?
5
Suppose -t + 3 = -s - 0, -s = -5*t + 3. Let q = -1 + t. What is the tens digit of q/(-4) + (-110)/(-8)?
1
Let j(k) = 5*k**2 - 14*k - 8. What is the units digit of j(9)?
1
Let s(k) = 5*k**2 + 1. Let j = -5 - -4. What is the units digit of s(j)?
6
Let c = -6 + 8. Suppose 5*y = c*x - 72, 4*x - x = 4*y + 101. What is the tens digit of x?
3
Let d(m) = m**2 - 6*m - 6. What is the units digit of d(8)?
0
Suppose -4 = 3*m + 5. Let h = m - -8. Suppose -h*b = -24 - 11. What is the units digit of b?
7
Let y = 15 + -8. Let d = 16 + y. What is the units digit of d?
3
Let k = 0 - -3. Suppose f = k*f - 38. What is the tens digit of f?
1
Suppose 2*h + 0*p - 10 = -4*p, 4*h + 2*p = 14. Suppose h*g + 6 = -4*w + 17, 0 = 2*w - g - 3. Suppose 3 + w = v. What is the units digit of v?
5
Suppose 0 = -6*m + 153 + 63. What is the units digit of m?
6
Let v(c) be the first derivative of 1/2*c**2 - 3 + 0*c. What is the units digit of v(3)?
3
Let w(m) = 2*m - 6. Let a be w(8). What is the tens digit of (56/20)/(2/a)?
1
Let w = 33 - 58. Let k = w + 76. What is the units digit of k?
1
Let g = 17 + -7. Suppose -w + 0*p - 5 = 3*p, 2*w = -2*p + g. What is the tens digit of w?
1
Let w be -4 + 3 + 3 + 0. Suppose 3*r - 32 = w*r - 5*y, 4*r + 4*y - 64 = 0. What is the units digit of r?
2
Suppose 0 = 3*i - 5*y - 9, -2*i - 2*y + 19 + 3 = 0. Suppose 7 = -3*g + 3*r + 19, 2*g + 2*r + i = 0. Suppose g = 2*x - x - 15. What is the tens digit of x?
1
Let m(l) = 3*l - 3. Let n(b) = -b**3 - 5*b**2 - 6*b - 1. Let k be n(-4). What is the units digit of m(k)?
8
Let d(h) = -h**2 + 3*h + 207. What is the units digit of d(0)?
7
Suppose -338 = -3*o + 5*x, 3*x = 4*o - 55 - 381. What is the hundreds digit of o?
1
Suppose -4 = -4*m + 4. Let v be (m - 4)/1*-1. What is the units digit of (-18)/(-3) - (v - 4)?
8
Suppose -17 = 3*b + 2*l, b - 4*l + 34 = l. Let f = 16 + b. What is the units digit of f?
7
Suppose 0 = -4*b - 2*k - 180, 90 = 3*b - 5*b - 3*k. Let w = -21 - b. What is the units digit of w?
4
Suppose 0*u + u = -2*l + 2, 5*l + 5 = -5*u. Suppose -o = -2*y - 9, 4*o + l*y = 3*o + 24. What is the tens digit of o?
1
Let r be ((-1)/1)/((-2)/(-6)). Let z(w) = -11*w**2 - 3*w - 2. Let t be z(-2). What is the units digit of (r/4)/(5/t)?
6
Suppose 3*a - 20 = -4*g - 7, a + 4*g = 7. What is the tens digit of (-9)/a + (19 - 1)?
1
Suppose 5*w = y + 8, -2*w + 4 = -0. Suppose y*a + 2*n - 23 = -a, 0 = -a + n + 11. Suppose l = -5*o + a, -l + 2*o = -2 - 0. What is the units digit of l?
4
Let h(z) = z**3 + 4*z**2 + z - 4. Let o be h(-3). Let g(r) = -3*r + 11 - 9 + r**2 + 2*r**2. What is the units digit of g(o)?
8
Suppose 0 = w + 4 - 1. Let z(c) = -c. Let p be z(w). Suppose p = -k + 5. What is the units digit of k?
2
Let z(t) be the third derivative of t**6/360 - t**5/30 + t**4/24 + 3*t**2. Let s(r) be the second derivative of z(r). What is the units digit of s(5)?
6
Let c(z) = 5*z**3 + 6*z**2 + 3*z - 8. Let i(v) = -14*v**3 - 18*v**2 - 9*v + 23. Let b(k) = 11*c(k) + 4*i(k). What is the tens digit of b(-6)?
2
What is the tens digit of 1 + (-6)/8 - (-299)/4?
7
Let j = 5 + -3. Suppose -k + j*k = 11. What is the tens digit of k?
1
Let j(v) = -7*v + 7. Let y(a) be the second derivative of -4*a**3/3 + 4*a**2 + a. Let u(k) = 6*j(k) - 5*y(k). What is the tens digit of u(-4)?
1
Let i(d) = -d + 3. Let l(n) = -n - 5. Let z be l(0). What is the units digit of i(z)?
8
Let j(c) = -3*c**2 - 2*c - 1. Let v be j(-1). Let s(d) = 4*d**2 + 3*d + 3. What is the units digit of s(v)?
3
Suppose 0*f - 6*f = -726. What is the tens digit of f?
2
Let n be ((-12)/21)/(1/(-7)). Suppose 15 = -3*f, n*g - 9 - 20 = f. What is the units digit of g?
6
Let q = -8 + 20. What is the units digit of q?
2
Suppose 2*o + 0*o - 426 = -4*v, 0 = 4*v + 5*o - 429. What is the hundreds digit of v?
1
Suppose -182 = -4*m + 38. What is the units digit of m?
5
Suppose 277 - 907 = -5*g - a, 3*a + 15 = 0. What is the units digit of g?
7
Suppose -v + 5*k - 14 = -4, -4*k = 5*v + 50. What is the units digit of (1 - v/3)*3?
3
Let n = -87 + 169. What is the tens digit of n?
8
Suppose 4*c + 55 = 255. What is the units digit of c?
0
Let n(q) = q**2 + 5*q - 4. Let w = 9 - 16. What is the tens digit of n(w)?
1
Let x(l) be the second derivative of l**7/630 + l**6/360 - l**5/120 